Dec 01 06:41:40.772 INFO testing pablopunk/rust-apios against master#8940af3cea4a9a9deabcaf843b2f8cad9a83fc61 for beta-1.31-5
Dec 01 06:41:40.772 INFO running `"docker" "create" "-v" "/mnt/big/crater/work/local/target-dirs/beta-1.31-5/worker-3/master#8940af3cea4a9a9deabcaf843b2f8cad9a83fc61:/target:rw,Z" "-v" "/mnt/big/crater/work/local/test-source/worker-3/beta-1.31-5/master#8940af3cea4a9a9deabcaf843b2f8cad9a83fc61:/source:ro,Z" "-v" "/mnt/big/crater/work/local/cargo-home:/cargo-home:ro,Z" "-v" "/mnt/big/crater/work/local/rustup-home:/rustup-home:ro,Z" "-e" "USER_ID=1000" "-e" "SOURCE_DIR=/source" "-e" "USER_ID=1000" "-e" "CMD=cargo +8940af3cea4a9a9deabcaf843b2f8cad9a83fc61-alt build --frozen" "-e" "CARGO_TARGET_DIR=/target" "-e" "CARGO_INCREMENTAL=0" "-e" "RUST_BACKTRACE=full" "-e" "RUSTFLAGS=--cap-lints=warn" "-e" "CARGO_HOME=/cargo-home" "-e" "RUSTUP_HOME=/rustup-home" "-m" "1536M" "--network" "none" "crater"`
Dec 01 06:41:40.963 INFO [stdout] c80ba7958cca9a0cd3ff571323a448238c4c3054eb2fea5be79d93d804e84e4c
Dec 01 06:41:40.969 INFO running `"docker" "start" "-a" "c80ba7958cca9a0cd3ff571323a448238c4c3054eb2fea5be79d93d804e84e4c"`
Dec 01 06:41:41.529 INFO [stderr] usermod: no changes
Dec 01 06:41:41.853 INFO [stderr]    Compiling try_from v0.2.2
Dec 01 06:41:41.855 INFO [stderr]    Compiling semver v0.8.0
Dec 01 06:41:41.861 INFO [stderr]    Compiling pear_codegen v0.0.20
Dec 01 06:41:41.861 INFO [stderr]    Compiling rocket v0.3.16
Dec 01 06:41:41.861 INFO [stderr]    Compiling rocket_codegen v0.3.16
Dec 01 06:41:41.861 INFO [stderr]    Compiling rust-crypto v0.2.36
Dec 01 06:41:41.861 INFO [stderr]    Compiling toml v0.4.6
Dec 01 06:41:41.861 INFO [stderr]    Compiling serde_json v1.0.28
Dec 01 06:41:42.391 INFO [stderr] error: failed to run custom build command for `pear_codegen v0.0.20`
Dec 01 06:41:42.391 INFO [stderr] process didn't exit successfully: `/target/debug/build/pear_codegen-9ebbb5de437ff65a/build-script-build` (exit code: 101)
Dec 01 06:41:42.392 INFO [stderr] --- stderr
Dec 01 06:41:42.392 INFO [stderr] [1;31mError:[0m [37mPear requires a nightly or dev version of Rust.[0m
Dec 01 06:41:42.392 INFO [stderr] [37mInstalled version is:[0m [33m1.31.0-beta.20 (2018-11-30)[0m. [37mMinimum required:[0m [33m1.30.0-nightly (2018-08-23)[0m.
Dec 01 06:41:42.392 INFO [stderr] thread 'main' panicked at 'Aborting compilation due to incompatible compiler.', /cargo-home/registry/src/github.com-1ecc6299db9ec823/pear_codegen-0.0.20/build.rs:31:13
Dec 01 06:41:42.393 INFO [stderr] stack backtrace:
Dec 01 06:41:42.393 INFO [stderr]    0:     0x55e0e82e10ff - std::sys::unix::backtrace::tracing::imp::unwind_backtrace::h3a8b83e1922cbdde
Dec 01 06:41:42.393 INFO [stderr]                                at libstd/sys/unix/backtrace/tracing/gcc_s.rs:49
Dec 01 06:41:42.393 INFO [stderr]    1:     0x55e0e82ecad7 - std::sys_common::backtrace::print::h00d3155a29b4020f
Dec 01 06:41:42.394 INFO [stderr]                                at libstd/sys_common/backtrace.rs:71
Dec 01 06:41:42.394 INFO [stderr]                                at libstd/sys_common/backtrace.rs:59
Dec 01 06:41:42.394 INFO [stderr]    2:     0x55e0e82e599f - std::panicking::default_hook::{{closure}}::hd7465c742e79e1bb
Dec 01 06:41:42.395 INFO [stderr]                                at libstd/panicking.rs:211
Dec 01 06:41:42.395 INFO [stderr]    3:     0x55e0e82e5704 - std::panicking::default_hook::h9e3966f2aa2a6e12
Dec 01 06:41:42.395 INFO [stderr]                                at libstd/panicking.rs:227
Dec 01 06:41:42.395 INFO [stderr]    4:     0x55e0e82e5fce - std::panicking::rust_panic_with_hook::h587f091ae747d080
Dec 01 06:41:42.396 INFO [stderr]                                at libstd/panicking.rs:476
Dec 01 06:41:42.396 INFO [stderr]    5:     0x55e0e82b8883 - std::panicking::begin_panic::h03cdb516ffc5f784
Dec 01 06:41:42.396 INFO [stderr]                                at libstd/panicking.rs:410
Dec 01 06:41:42.396 INFO [stderr]    6:     0x55e0e82b6948 - build_script_build::main::h36944a4e267b7477
Dec 01 06:41:42.397 INFO [stderr]                                at /cargo-home/registry/src/github.com-1ecc6299db9ec823/pear_codegen-0.0.20/build.rs:31
Dec 01 06:41:42.397 INFO [stderr]    7:     0x55e0e82b916f - std::rt::lang_start::{{closure}}::h5e49a6fd7616e446
Dec 01 06:41:42.397 INFO [stderr]                                at libstd/rt.rs:74
Dec 01 06:41:42.398 INFO [stderr]    8:     0x55e0e82e5a42 - std::panicking::try::do_call::h52e7f80ff0fdcc45
Dec 01 06:41:42.398 INFO [stderr]                                at libstd/rt.rs:59
Dec 01 06:41:42.398 INFO [stderr]                                at libstd/panicking.rs:310
Dec 01 06:41:42.398 INFO [stderr]    9:     0x55e0e82f7a89 - __rust_maybe_catch_panic
Dec 01 06:41:42.399 INFO [stderr]                                at libpanic_unwind/lib.rs:102
Dec 01 06:41:42.399 INFO [stderr]   10:     0x55e0e82d575a - std::rt::lang_start_internal::h38cae898de7f805c
Dec 01 06:41:42.399 INFO [stderr]                                at libstd/panicking.rs:289
Dec 01 06:41:42.399 INFO [stderr]                                at libstd/panic.rs:392
Dec 01 06:41:42.400 INFO [stderr]                                at libstd/rt.rs:58
Dec 01 06:41:42.400 INFO [stderr]   11:     0x55e0e82b9148 - std::rt::lang_start::hf3588cfe9ea8870a
Dec 01 06:41:42.400 INFO [stderr]                                at libstd/rt.rs:74
Dec 01 06:41:42.400 INFO [stderr]   12:     0x55e0e82b7819 - main
Dec 01 06:41:42.401 INFO [stderr]   13:     0x7efdbb91482f - __libc_start_main
Dec 01 06:41:42.401 INFO [stderr]   14:     0x55e0e82b6228 - _start
Dec 01 06:41:42.401 INFO [stderr]   15:                0x0 - <unknown>
Dec 01 06:41:42.401 INFO [stderr] 
Dec 01 06:41:42.402 INFO [stderr] warning: build failed, waiting for other jobs to finish...
Dec 01 06:41:42.408 INFO [stderr] error: failed to run custom build command for `rocket_codegen v0.3.16`
Dec 01 06:41:42.408 INFO [stderr] process didn't exit successfully: `/target/debug/build/rocket_codegen-4a5b65214453c03c/build-script-build` (exit code: 101)
Dec 01 06:41:42.408 INFO [stderr] --- stderr
Dec 01 06:41:42.409 INFO [stderr] [1;31mError:[0m [37mRocket requires a nightly or dev version of Rust.[0m
Dec 01 06:41:42.409 INFO [stderr] [37mInstalled version is:[0m [33m1.31.0-beta.20 (2018-11-30)[0m. [37mMinimum required:[0m [33m1.30.0-nightly (2018-08-23)[0m.
Dec 01 06:41:42.409 INFO [stderr] [34mSee the getting started guide ([0m[37mhttps://rocket.rs/guide/getting-started/[0m[34m) for more information.[0m
Dec 01 06:41:42.409 INFO [stderr] thread 'main' panicked at 'Aborting compilation due to incompatible compiler.', /cargo-home/registry/src/github.com-1ecc6299db9ec823/rocket_codegen-0.3.16/build.rs:38:17
Dec 01 06:41:42.410 INFO [stderr] stack backtrace:
Dec 01 06:41:42.410 INFO [stderr]    0:     0x564ed8c3132f - std::sys::unix::backtrace::tracing::imp::unwind_backtrace::h3a8b83e1922cbdde
Dec 01 06:41:42.410 INFO [stderr]                                at libstd/sys/unix/backtrace/tracing/gcc_s.rs:49
Dec 01 06:41:42.410 INFO [stderr]    1:     0x564ed8c3cd07 - std::sys_common::backtrace::print::h00d3155a29b4020f
Dec 01 06:41:42.412 INFO [stderr]                                at libstd/sys_common/backtrace.rs:71
Dec 01 06:41:42.413 INFO [stderr]                                at libstd/sys_common/backtrace.rs:59
Dec 01 06:41:42.413 INFO [stderr]    2:     0x564ed8c35bcf - std::panicking::default_hook::{{closure}}::hd7465c742e79e1bb
Dec 01 06:41:42.413 INFO [stderr]                                at libstd/panicking.rs:211
Dec 01 06:41:42.414 INFO [stderr]    3:     0x564ed8c35934 - std::panicking::default_hook::h9e3966f2aa2a6e12
Dec 01 06:41:42.414 INFO [stderr]                                at libstd/panicking.rs:227
Dec 01 06:41:42.414 INFO [stderr]    4:     0x564ed8c361fe - std::panicking::rust_panic_with_hook::h587f091ae747d080
Dec 01 06:41:42.419 INFO [stderr]                                at libstd/panicking.rs:476
Dec 01 06:41:42.419 INFO [stderr]    5:     0x564ed8c08ab3 - std::panicking::begin_panic::h637cf6c246413594
Dec 01 06:41:42.419 INFO [stderr]                                at libstd/panicking.rs:410
Dec 01 06:41:42.420 INFO [stderr]    6:     0x564ed8c06b84 - build_script_build::main::h2c72fd58a9234470
Dec 01 06:41:42.420 INFO [stderr]                                at /cargo-home/registry/src/github.com-1ecc6299db9ec823/rocket_codegen-0.3.16/build.rs:38
Dec 01 06:41:42.420 INFO [stderr]    7:     0x564ed8c0939f - std::rt::lang_start::{{closure}}::hfe557982ab535bc0
Dec 01 06:41:42.420 INFO [stderr]                                at libstd/rt.rs:74
Dec 01 06:41:42.421 INFO [stderr]    8:     0x564ed8c35c72 - std::panicking::try::do_call::h52e7f80ff0fdcc45
Dec 01 06:41:42.421 INFO [stderr]                                at libstd/rt.rs:59
Dec 01 06:41:42.421 INFO [stderr]                                at libstd/panicking.rs:310
Dec 01 06:41:42.422 INFO [stderr]    9:     0x564ed8c47cb9 - __rust_maybe_catch_panic
Dec 01 06:41:42.422 INFO [stderr]                                at libpanic_unwind/lib.rs:102
Dec 01 06:41:42.422 INFO [stderr]   10:     0x564ed8c2598a - std::rt::lang_start_internal::h38cae898de7f805c
Dec 01 06:41:42.422 INFO [stderr]                                at libstd/panicking.rs:289
Dec 01 06:41:42.423 INFO [stderr]                                at libstd/panic.rs:392
Dec 01 06:41:42.423 INFO [stderr]                                at libstd/rt.rs:58
Dec 01 06:41:42.424 INFO [stderr]   11:     0x564ed8c09378 - std::rt::lang_start::h04f69d23836a7815
Dec 01 06:41:42.424 INFO [stderr]                                at libstd/rt.rs:74
Dec 01 06:41:42.424 INFO [stderr]   12:     0x564ed8c07a49 - main
Dec 01 06:41:42.424 INFO [stderr]   13:     0x7f183b9aa82f - __libc_start_main
Dec 01 06:41:42.425 INFO [stderr]   14:     0x564ed8c06228 - _start
Dec 01 06:41:42.425 INFO [stderr]   15:                0x0 - <unknown>
Dec 01 06:41:42.425 INFO [stderr] 
Dec 01 06:41:42.426 INFO [stderr] warning: build failed, waiting for other jobs to finish...
Dec 01 06:41:42.426 INFO [stderr] error: failed to run custom build command for `rocket v0.3.16`
Dec 01 06:41:42.426 INFO [stderr] process didn't exit successfully: `/target/debug/build/rocket-e8632d5f710e389a/build-script-build` (exit code: 101)
Dec 01 06:41:42.431 INFO [stderr] --- stderr
Dec 01 06:41:42.431 INFO [stderr] [1;31mError:[0m [37mRocket requires a nightly or dev version of Rust.[0m
Dec 01 06:41:42.431 INFO [stderr] [37mInstalled version is:[0m [33m1.31.0-beta.20 (2018-11-30)[0m. [37mMinimum required:[0m [33m1.27.0-nightly (2018-04-26)[0m.
Dec 01 06:41:42.431 INFO [stderr] [34mSee the getting started guide ([0m[37mhttps://rocket.rs/guide/getting-started/[0m[34m) for more information.[0m
Dec 01 06:41:42.432 INFO [stderr] thread 'main' panicked at 'Aborting compilation due to incompatible compiler.', /cargo-home/registry/src/github.com-1ecc6299db9ec823/rocket-0.3.16/build.rs:38:13
Dec 01 06:41:42.432 INFO [stderr] stack backtrace:
Dec 01 06:41:42.432 INFO [stderr]    0:     0x55d7fcd1133f - std::sys::unix::backtrace::tracing::imp::unwind_backtrace::h3a8b83e1922cbdde
Dec 01 06:41:42.432 INFO [stderr]                                at libstd/sys/unix/backtrace/tracing/gcc_s.rs:49
Dec 01 06:41:42.433 INFO [stderr]    1:     0x55d7fcd1cd17 - std::sys_common::backtrace::print::h00d3155a29b4020f
Dec 01 06:41:42.433 INFO [stderr]                                at libstd/sys_common/backtrace.rs:71
Dec 01 06:41:42.433 INFO [stderr]                                at libstd/sys_common/backtrace.rs:59
Dec 01 06:41:42.433 INFO [stderr]    2:     0x55d7fcd15bdf - std::panicking::default_hook::{{closure}}::hd7465c742e79e1bb
Dec 01 06:41:42.434 INFO [stderr]                                at libstd/panicking.rs:211
Dec 01 06:41:42.434 INFO [stderr]    3:     0x55d7fcd15944 - std::panicking::default_hook::h9e3966f2aa2a6e12
Dec 01 06:41:42.434 INFO [stderr]                                at libstd/panicking.rs:227
Dec 01 06:41:42.434 INFO [stderr]    4:     0x55d7fcd1620e - std::panicking::rust_panic_with_hook::h587f091ae747d080
Dec 01 06:41:42.435 INFO [stderr]                                at libstd/panicking.rs:476
Dec 01 06:41:42.435 INFO [stderr]    5:     0x55d7fcce8ac3 - std::panicking::begin_panic::h185025b8b4804e9b
Dec 01 06:41:42.435 INFO [stderr]                                at libstd/panicking.rs:410
Dec 01 06:41:42.436 INFO [stderr]    6:     0x55d7fcce6b85 - build_script_build::main::h4284e4a3a8df7e1b
Dec 01 06:41:42.436 INFO [stderr]                                at /cargo-home/registry/src/github.com-1ecc6299db9ec823/rocket-0.3.16/build.rs:38
Dec 01 06:41:42.436 INFO [stderr]    7:     0x55d7fcce93af - std::rt::lang_start::{{closure}}::ha0df32a52ba7057e
Dec 01 06:41:42.436 INFO [stderr]                                at libstd/rt.rs:74
Dec 01 06:41:42.437 INFO [stderr]    8:     0x55d7fcd15c82 - std::panicking::try::do_call::h52e7f80ff0fdcc45
Dec 01 06:41:42.437 INFO [stderr]                                at libstd/rt.rs:59
Dec 01 06:41:42.437 INFO [stderr]                                at libstd/panicking.rs:310
Dec 01 06:41:42.437 INFO [stderr]    9:     0x55d7fcd27cc9 - __rust_maybe_catch_panic
Dec 01 06:41:42.438 INFO [stderr]                                at libpanic_unwind/lib.rs:102
Dec 01 06:41:42.438 INFO [stderr]   10:     0x55d7fcd0599a - std::rt::lang_start_internal::h38cae898de7f805c
Dec 01 06:41:42.438 INFO [stderr]                                at libstd/panicking.rs:289
Dec 01 06:41:42.443 INFO [stderr]                                at libstd/panic.rs:392
Dec 01 06:41:42.443 INFO [stderr]                                at libstd/rt.rs:58
Dec 01 06:41:42.443 INFO [stderr]   11:     0x55d7fcce9388 - std::rt::lang_start::h3f68170055a70037
Dec 01 06:41:42.443 INFO [stderr]                                at libstd/rt.rs:74
Dec 01 06:41:42.444 INFO [stderr]   12:     0x55d7fcce7a59 - main
Dec 01 06:41:42.444 INFO [stderr]   13:     0x7fa9836f582f - __libc_start_main
Dec 01 06:41:42.444 INFO [stderr]   14:     0x55d7fcce6228 - _start
Dec 01 06:41:42.445 INFO [stderr]   15:                0x0 - <unknown>
Dec 01 06:41:42.445 INFO [stderr] 
Dec 01 06:41:42.445 INFO [stderr] warning: build failed, waiting for other jobs to finish...
Dec 01 06:41:53.195 INFO [stderr] error: build failed
Dec 01 06:41:53.195 INFO [stderr] su: No module specific data is present
Dec 01 06:41:53.625 INFO running `"docker" "inspect" "c80ba7958cca9a0cd3ff571323a448238c4c3054eb2fea5be79d93d804e84e4c"`
Dec 01 06:41:53.759 INFO running `"docker" "rm" "-f" "c80ba7958cca9a0cd3ff571323a448238c4c3054eb2fea5be79d93d804e84e4c"`
Dec 01 06:41:53.907 INFO [stdout] c80ba7958cca9a0cd3ff571323a448238c4c3054eb2fea5be79d93d804e84e4c
